60 + c. Calculate the greatest common factor of 207 and k.
9
Suppose -3*x + 4*l + 23512 = 0, 0 = 4*l - 3*l - 5. What is the highest common factor of x and 148?
148
Let c be (-2 + 9/(-6))/(10*(-14)/4200). What is the greatest common divisor of c and 1617?
21
Let t = 108 + 23. Suppose -253 = -2*b + t. Calculate the highest common divisor of b and 60.
12
Suppose -3*k - 5 = v, v + 0*v - 13 = 3*k. Suppose -d - 4*z + 47 = 2*d, -v*z = d - 21. Suppose -6*r = 24 - 336. Calculate the greatest common divisor of r and d.
13
Let t(u) = 15*u**2 - 6*u**2 + u + 5*u**2 - 3. Let k be t(-2). Suppose -3*p = 5*f - 7*p - 48, -4*f + k = p. What is the greatest common factor of 108 and f?
12
Let q(a) = 4*a**3 + 22*a**2 + 20*a + 211. Let l be q(-6). Let x be ((2 + -14)/(-3))/2. Suppose -3*d + 950 = x*d. What is the highest common factor of d and l?
19
Let c be 40655/376 - (-4)/(-32). Calculate the greatest common divisor of c and 8478.
54
Let q be (408/(-16))/(-17) - (-33780)/8. What is the highest common divisor of q and 2288?
176
Suppose -10*d = -9*d - 2. Let c(p) = 14*p**2 + 7*p. Let j be c(d). What is the highest common divisor of 350 and j?
70
Let y = -52 - -79. Let s be 3*9/(y/32). Suppose -u - u + 576 = 0. What is the highest common factor of s and u?
32
Suppose -3*i = 4*k - 11658, -3018*i + 3*k = -3014*i - 15544. Calculate the highest common divisor of 201 and i.
67
Suppose -29487 = -137*w - 5923. What is the greatest common factor of 396 and w?
4
Let f(y) = y**2 - 12*y + 6. Let i = -39 + 51. Let d be f(i). Let s be (d/(-10))/(4/(-120)). Calculate the greatest common factor of 54 and s.
18
Let c = -6687 - -6698. Calculate the highest common factor of 7909 and c.
11
Let l = 5643 - 1393. Calculate the greatest common factor of 25 and l.
25
Let r = -93 - -66. Let v = -62 - r. Let n = -23 - v. What is the highest common divisor of n and 18?
6
Suppose 2*k - 8 = -5*a, 4*a - 1 - 7 = 0. Let s be ((-6)/k - 0)/(72/2256). Calculate the highest common factor of 47 and s.
47
Let f(r) = -r**3 - 17*r**2 - 41*r + 22. Let i be f(-14). Calculate the greatest common factor of 52 and i.
4
Let m(k) = -184*k - 784. Let j be m(-6). What is the greatest common factor of 4000 and j?
160
Suppose -161 = -w - 4*t - 52, -197 = -2*w - t. Let p = -107 + w. Let q = p + 15. What is the greatest common factor of q and 40?
5
Let n be (44/(-16))/((-4)/1056). What is the highest common factor of n and 154?
22
Let p = 6 + -5. Let b(q) = 7*q - 26. Let t be b(6). Calculate the highest common divisor of p and t.
1
Let n(y) = 79*y**2 - 2*y + 43. Let h be n(-3). What is the highest common divisor of 855 and h?
95
Suppose 0 = 52*c + 4021 + 45795. Let t = c + 966. Let z = -1 + 7. Calculate the highest common divisor of z and t.
2
Let c be (-6)/(-4) - (-75)/6. Suppose 3475 - 3338 - 7837 = -50*i. Calculate the highest common factor of c and i.
14
Let n be 2/1 + 7701/21 + (-4)/(-14). What is the greatest common factor of n and 246?
123
Let f(u) = 45*u + 8. Suppose 10*y + 32 = 14*y. Let g be f(y). What is the greatest common divisor of 46 and g?
46
Let l = 1580 - 2262. Let w = -363 - l. Suppose 5*a - 1019 = -w. What is the highest common divisor of a and 35?
35
Let v = 72 + -70. Let o(q) = -7*q**2 - 10*q**2 - 15*q**v + 7*q + 31*q**2. Let t be o(5). Calculate the greatest common factor of 15 and t.
5
Let p(f) = -f**3 - 25*f**2 + 41*f + 665. Let s be p(-26). What is the highest common divisor of s and 625?
25
Suppose 5996 + 10496 = 54*d + 4342. Let x be ((-3)/(-6))/(2/(-36)). Let j be ((-3)/2)/(x/150). Calculate the greatest common divisor of d and j.
25
Let c = -2328 - -3304. Calculate the greatest common factor of 305 and c.
61
Let j(x) = x**3 - 2*x**2 + 22*x - 174. Let i be j(5). Calculate the highest common factor of 110 and i.
11
Let v(y) = -y**2 + 2*y + 51. Let f be v(-6). Suppose -2*k - 620 = -9*z + 4*z, -f*k = -2*z + 237. What is the greatest common divisor of z and 90?
18
Suppose -8*s = 4*o - 1312, 0*o + 2*o = -3*s + 488. What is the greatest common factor of s and 1652?
28
Let k = -81 - -209. Suppose 6*x + k = 4*x. Let s = x + 109. What is the greatest common divisor of s and 9?
9
Suppose -3*m - 2*b + 3 = -0*b, -3*m - 15 = -4*b. Let r be (2*1)/(4*m/(-70)). Suppose w = 73 + 172. Calculate the greatest common factor of r and w.
35
Suppose -u + 21 + 15 = 0. Let n be (757 - (2 - 4))*u/27. Suppose -3*p + 80 = 3*h - n, 4*h - 1428 = 3*p. Calculate the greatest common factor of 40 and h.
40
Suppose -x = s - 10, -4*x + 44 = 3*s - 0*s. Suppose 2*c + 6 = x. Suppose -445 = -c*k - 145. What is the highest common factor of 30 and k?
15
Suppose -27*z + 16698 = z - 6*z. What is the highest common factor of 828 and z?
69
Let o be 0/(-2) - (-18496)/136. What is the greatest common factor of o and 10?
2
Let g = -19054 + 19066. Calculate the greatest common factor of 116 and g.
4
Let u = 62 + -48. Let j be (24/(-10))/(u/(-170))*7. Calculate the highest common divisor of 68 and j.
68
Suppose 410487 = 54*a + 60783. Suppose -431 + a = 39*r. Calculate the highest common factor of 31 and r.
31
Let b be (438/(-12) + 9)*-36. What is the greatest common divisor of 50 and b?
10
Let o(i) = -2221*i + 706. Let u be o(-2). What is the greatest common divisor of u and 78?
78
Let p(x) = -2356*x + 3489. Let y be p(-2). Calculate the highest common factor of 118 and y.
59
Suppose 128 = -2*b + 3*b. Suppose 4*a = 2*k - 48, 20 = -8*a + 13*a. What is the highest common divisor of b and k?
32
Let t be 0 + (0 + 2 - -2). Suppose -10*x = 182 - 242. Suppose -2*w + x = 2*s - 76, t*w = 3*s + 157. What is the greatest common factor of 10 and w?
10
Let a = -117 - -130. Suppose a*m - 3*m - 180 = 0. Calculate the highest common divisor of m and 99.
9
Suppose -3*a - 3*q + 8 = -4, 4 = -3*a + 5*q. Let c be -4*(-2)/a - -2. Calculate the highest common factor of 2 and c.
2
Suppose -4*c + 2*s = -152, 17*s + 17*s - 8 = 36*s. Let m = 334 + -134. Let r = m - 140. What is the greatest common factor of r and c?
12
Let t(p) = 17*p**2 + 23*p - 72. Let r(k) = -50*k**2 - 68*k + 216. Let m(o) = 2*r(o) + 7*t(o). Let w be m(3). Calculate the greatest common divisor of 58 and w.
58
Let l be (-263)/(-789) + ((-281)/(-3))/1. What is the highest common factor of 7332 and l?
94
Let h = 6910 + -6268. Calculate the greatest common factor of 78 and h.
6
Let l be 3/((-20)/16 + 2). Suppose l*q + 4*b = -32, 50 = -4*q - 3*b + 5*b. Let s be q/(5/(-660)*3). What is the highest common divisor of s and 44?
44
Let q(f) = -f**3 + 12*f**2 - 24*f - 12. Let i be q(4). Calculate the greatest common factor of i and 115.
5
Suppose 21 + 24 = 3*f. Suppose 4*k + 1 = -c, -5 = -2*c - f. Calculate the greatest common divisor of k and 17.
1
Suppose -2*f - 136 = -4*m, -15 = -3*m - 6. Let x be (f/155)/((-2)/20). What is the greatest common factor of 5 and x?
1
Let p = -5123 + 5353. Calculate the highest common divisor of p and 1978.
46
Let n(p) = -13*p**2 - p + 13. Let u be n(-4). Let m = u - -240. Calculate the highest common factor of 441 and m.
49
Let t be 2*(-9 - (0 - 5))*3. Let g(p) = -11*p - 256. Let l be g(t). Calculate the highest common divisor of l and 60.
4
Let u be (2/12)/((-3)/(-54)). Let o(w) = w**3 + 2*w**2 + 2*w + 4. Let p be o(u). What is the highest common factor of p and 440?
55
Suppose 0 = 2*c - i - 137, -c - 794*i + 73 = -793*i. Let x be 491/2 + 4/(-8). Calculate the greatest common factor of x and c.
35
Let g(x) = x**3 + 2*x**2 - 2*x + 4. Suppose -m + 3 = 6. Let n be g(m). Let u be (18/4)/(16 - 93/6). Calculate the highest common factor of u and n.
1
Let h(w) = 2*w**3 + 5*w**2 - 12*w + 6. Let u be h(4). Suppose 6*k = u + 50. What is the greatest common divisor of k and 36?
36
Suppose -5 = 5*t, 0*s - 4*s - 4*t + 68 = 0. Suppose -s*b + 23*b - 90 = 0. What is the highest common factor of 18 and b?
18
Let b(n) be the second derivative of 1/3*n**4 + 0 + 9/2*n**2 + 5/2*n**3 - 4*n. Let q be b(-5). Calculate the greatest common factor of 102 and q.
34
Suppose 0 = 3*r - 30 + 12. Suppose 6*d - 12 = r. Suppose -2*t = 5*q - 496, d*t + 2*t + 377 = 4*q. Calculate the greatest common divisor of q and 14.
14
Let p(u) = 14*u**3 + 2*u**2 - 1. Let n be p(1). Suppose 11*t - 710 = 13*t + 2*h, 0 = -h + 1. Let x = t - -386. What is the highest common divisor of x and n?
15
Let b be (57/12)/((-3)/(